se -27*z + 18*z = -3978. List the prime factors of z.
2, 13, 17
Let k = 38 + -34. Suppose k*l + 37 = r, l - 147 = -2*r - 28. What are the prime factors of r?
3, 19
Let b(l) = -l**2 - 13*l - 37. Let w be b(-7). Suppose -w*s + 4*v = -376, -2*s - 6*v + 132 = -3*v. List the prime factors of s.
2, 3
List the prime factors of 3 + (-5)/5 + 688.
2, 3, 5, 23
Let h(a) = a**2 + 4*a - 1. Let o be h(-5). Let t(r) = 2*r + 3*r + 10*r**2 - 9 + o*r - 5*r - r**3. List the prime factors of t(10).
31
Let c(o) = -o - 9. Let b be c(0). Let d be 2*5*2/20*-21. Let k = b - d. What are the prime factors of k?
2, 3
Let u = -81 + 90. Suppose -116 = -10*t + u*t. List the prime factors of t.
2, 29
Suppose 984*r - 976*r = 34656. List the prime factors of r.
2, 3, 19
Suppose -1505 = -8*a + a. List the prime factors of a.
5, 43
Let k be (40/(-30))/((-3)/(-261)). Let c = 162 - k. What are the prime factors of c?
2, 139
Let d(o) = -o**3 + 12*o**2. Let i be d(12). Suppose y - 81 = -i*y. Suppose 2*c - 3*v = -2*c + 80, 3*c - y = -3*v. List the prime factors of c.
23
Suppose 0*r + 81 = -r. Let i = 180 + -209. Let y = i - r. List the prime factors of y.
2, 13
Let k = 26 - 17. Suppose 0 = 2*b + 3*i - 550, 0 = 4*i - k*i + 20. What are the prime factors of b?
269
Let r = 998 + -416. What are the prime factors of r?
2, 3, 97
Let o = -9 - -11. Suppose 0 = -2*j + w - 3*w - 38, -j + o*w - 16 = 0. Let l = 27 + j. List the prime factors of l.
3
Let a(w) = -w**2 - 10*w - 9. Let c be a(-9). Suppose 5*z = -5*m - 5, 0 = -5*m - c*z - 3*z + 3. What are the prime factors of 2 + 21 - (m - 1)?
3, 7
Let r = 369 - 35. What are the prime factors of r?
2, 167
Let y(f) = -6*f**2 - 86*f - 134. Let m(c) = -c**2 - 17*c - 27. Let h(o) = -11*m(o) + 2*y(o). What are the prime factors of h(15)?
29
Let g(w) = -w**3 - 12*w**2 - 12*w + 13. Let p = -29 - -18. Let r be g(p). What are the prime factors of -2 + 1 + 1*r?
23
Suppose 0 = -3*x - h + 897 + 283, -3*x + 1176 = -3*h. What are the prime factors of x?
3, 131
Let t be 6/9*(-18)/12. What are the prime factors of (-39)/(-39) + t + 2 + 111?
113
Let u(a) = -171*a - 81. What are the prime factors of u(-8)?
3, 11, 13
Suppose -26508 = -1833*i + 1827*i. List the prime factors of i.
2, 47
Let r(a) = 2*a + 66. Let s be r(0). Let g = s - 17. What are the prime factors of g?
7
Suppose -3*p = -1803 + 303. What are the prime factors of p?
2, 5
Suppose -l - 5*b = -34, 5*b + 81 = 5*l - 119. Let w = l + -31. List the prime factors of w.
2
Let x(l) = l**2 + 14*l + 56. Let k be x(-12). Suppose -k*y + 28*y + 780 = 0. What are the prime factors of y?
3, 5, 13
Suppose -4*h = -6*h + 36. Let s = h - 13. Suppose 0*t + c - 119 = -5*t, 3*t - 67 = -s*c. List the prime factors of t.
2, 3
Let c(y) = -13*y - 2. Let x be c(-6). Suppose 5 = -2*r + 11. Suppose -r*h - 4 = -x. List the prime factors of h.
2, 3
Let c = 36 + 12. Suppose 3*r - c = 5*i, 6*i - i - 32 = -2*r. List the prime factors of r.
2
Let f(t) be the first derivative of t**3/3 + 3*t**2 + 5*t - 5. Let g be f(-6). Suppose 8 = 5*b - 4*o, 4*b + g*o = -0*b + 31. What are the prime factors of b?
2
Let z(a) = 2*a**3 - 5*a**2 + 5*a. Let h be z(4). Let r = 112 - h. Suppose 2*b + 0*b = r. List the prime factors of b.
2, 11
Suppose 29*c = 5*b + 32*c - 5538, -5*b = -2*c - 5533. List the prime factors of b.
3, 41
Let o be (11 + -13)*(-9)/6. Let j(s) = -5*s**2 + s + 13. Let d(w) = -3*w**2 + w + 7. Let k(z) = -7*d(z) + 4*j(z). What are the prime factors of k(o)?
3
Suppose 7776 = 81*v - 2106. List the prime factors of v.
2, 61
Suppose v = 5*j - 14, -v - v - 4*j = 14. Let x(g) = -g**3 - 10*g**2 - 11*g - 4. What are the prime factors of x(v)?
2, 7
Let z be (-2 - 12/(-5))*-230. Let v = z - -147. List the prime factors of v.
5, 11
Let m(x) = 14*x - 4 + 3 + 1 + 2. Let w be m(-3). What are the prime factors of ((-48)/w)/(3/20)?
2
Let q(u) = u**3 + 8*u**2 + 11*u + 10. Let o(p) = p + 1. Let w(y) = 3*o(y) - q(y). Let z be w(-8). Let c = -29 + z. What are the prime factors of c?
2, 7
Let y(r) = -r**3 + r**2 - r + 1. Let g(m) = -2*m**3 + 7*m**2 - 8*m - 1. Let i(n) = -g(n) + 3*y(n). Let c be i(-5). List the prime factors of 4/(14/c - 3).
2
Let a(d) = d**3 + 8*d**2 - d - 6. Let y = -42 - -2. Let c = y - -32. What are the prime factors of a(c)?
2
Suppose 12*g - 1555 = 449. What are the prime factors of g?
167
Suppose 0 = -0*t + 3*t - 24. Suppose 3*m = 109 + 29. Suppose t*c = 10*c - m. List the prime factors of c.
23
Let n(k) = k**2 + 15*k + 21. Let r be n(-13). List the prime factors of (-16)/(-40) - 313/r.
3, 7
What are the prime factors of (-3)/24 + (-217460)/(-160)?
3, 151
Let z = -69 - -358. List the prime factors of z.
17
Suppose 5*s + 974 + 546 = 4*c, -c + 397 = 3*s. What are the prime factors of c?
5, 7, 11
Let m(c) = c**2 + 13*c - 18. Let n(x) = -x**3 + 4*x**2 - 6*x + 9. Suppose 7 = 4*i - 9. Let d be n(i). List the prime factors of m(d).
2, 3
Suppose -2*h = -10 + 2. Suppose -3*r = -27*r + 1248. Suppose 0 = 4*z, h*z = 4*y - 0*z - r. List the prime factors of y.
13
Suppose 5*g = 2*n + 2, 2*n + 0*n = -5*g - 2. What are the prime factors of (2497/33)/(n/(-3))?
227
Let z be (-21 - 32)*2/(-2). Let s = -34 + z. What are the prime factors of s?
19
Let z(g) = -g**3 - 6*g**2 + 18*g - 6. List the prime factors of z(-10).
2, 107
Let w(v) = 17*v**3 + 2*v**2 + v + 5. Let i(d) = 8*d**3 + d**2 + d + 2. Let g(m) = 5*i(m) - 2*w(m). List the prime factors of g(2).
2, 29
Let h be 3/(-6)*(3 + -5). Let s be 1*(2 + h + -1). Suppose -k - 73 = -3*m, 2*m - s*k - 98 = -2*m. List the prime factors of m.
2, 3
Let x(s) = 1016*s - 48. List the prime factors of x(2).
2, 31
Let k be (-10)/(-15) - (-50)/6. Suppose k*n - 376 = n. List the prime factors of n.
47
What are the prime factors of 9*((-7)/(-63))/((-1)/(-249))?
3, 83
Let d(o) = -8*o - 8. Let t be 4*1/(-2)*4. Let s be d(t). Let z = -35 + s. What are the prime factors of z?
3, 7
Suppose 303 = -3*f + 3*a, f - 4*a + 119 - 24 = 0. Let y = f - -217. What are the prime factors of y?
2, 3, 19
Let t(i) = 73 + 3*i + i**3 - 3*i**2 + 3*i**3 - 3*i**3 + 2*i**2. List the prime factors of t(0).
73
What are the prime factors of ((-518)/3)/(34/(-204))?
2, 7, 37
Let u(v) = -263*v - 14. Let y(s) = 132*s + 7. Let h(t) = -6*u(t) - 11*y(t). What are the prime factors of h(1)?
7, 19
Let o(u) = 29*u - 631. What are the prime factors of o(47)?
2, 3, 61
Let q(u) = u**3 + u**2 + u - 16. Let f be q(0). Let h(d) = -16*d - 38. What are the prime factors of h(f)?
2, 109
What are the prime factors of ((-16)/(-1))/4 - 407*-1?
3, 137
Let z(k) = 164*k**2 - 5*k + 10 - 165*k**2 + 23*k. What are the prime factors of z(8)?
2, 3, 5
Suppose 7*g - 16074 = -11*g. What are the prime factors of g?
19, 47
Let n(h) = 6*h**2 + 25*h - 29. Let m be n(-14). Suppose 0*y - 4*y + m = -t, -y + 201 = -2*t. What are the prime factors of y?
199
Suppose 1203 = -5*u + 393. Let r = -36 - u. List the prime factors of r.
2, 3, 7
Let u = 116 + -208. Let s = 189 + u. What are the prime factors of s?
97
Let c be (-6)/15*(-15)/3. Suppose -2*k + 116 = c*k. What are the prime factors of k?
29
Suppose 0 = 4*z + 45 - 1. Let r(b) = b**3 - 4*b**2 + 5*b + 1. Let u be r(4). Let f = z + u. What are the prime factors of f?
2, 5
Let x(r) = r**2 - 5*r - 1. Let c be x(-7). Suppose -5*u - 2*u + 231 = 0. Suppose 3*m - u = 2*m + v, v - c = -3*m. What are the prime factors of m?
29
Let r(b) = -b + 40. Suppose 4*t = 3*t - 4*a + 13, 0 = 4*a. What are the prime factors of r(t)?
3
Let f = 97 + 48. What are the prime factors of f?
5, 29
Suppose -5*a = -119 - 21. Let x be (-8)/a - 174/(-21). Suppose -x*q = -7*q - 37. List the prime factors of q.
37
Suppose s = 4*s + 1176. Let q = -265 - s. List the prime factors of q.
127
Suppose -3*a + 239 = 4*o, -o + 108 = 3*a - 143. Suppose -5*z + a = 4*h, 8*z - 110 = 3*z + h. List the prime factors of (28/z)/((-1)/(-18)).
2, 3
Let l(m) be the first derivative of m**2/2 + 25*m - 24. What are the prime factors of l(15)?
2, 5
Suppose 0 = 2*j + 5 - 1. Let k be ((-4)/8)/(j/(-4)). List the prime factors of (3/(-3))/(k/12).
2, 3
Let r = 301 - 66. List the prime factors of r.
5, 47
Let y(u) be the third derivative of -u**5/60 + 3*u**4/8 - 5*u**3/3 + 63*u**2. Let f be 1 - -7 - (-1 + 2). What are the prime factors of y(f)?
2
Suppose -196 = 10*v - 12*v. Suppose 5*q - 35 = -f + v, -266 = 